{"id":169,"date":"2015-11-11T13:31:50","date_gmt":"2015-11-11T13:31:50","guid":{"rendered":"http:\/\/moving.aislinthemes.com\/?post_type=product&#038;p=9323"},"modified":"2020-11-17T18:21:14","modified_gmt":"2020-11-17T18:21:14","slug":"ultimate-2-0-robot","status":"publish","type":"product","link":"https:\/\/www.steameducativo.com\/makeblock\/producto\/ultimate-2-0-robot\/","title":{"rendered":"Ultimate 2.0 Robot"},"content":{"rendered":"<p>A trav\u00e9s de este kit, los alumnos, y docentes mismos, pueden aprender de dise\u00f1o mec\u00e1nico y mecatr\u00f3nico, de estructuras, conocer el funcionamiento de los diversos m\u00f3dulos electr\u00f3nicos y adentrarse o perfeccionarse en el entorno de programaci\u00f3n creando alguna de las 10 formas de armado que permite \u00e9ste robot, o bien dejando libre a la propia creatividad el desarrollo de sus propios proyectos a trav\u00e9s de las m\u00e1s de 160 piezas que trae incluido cada uno de los kits.<\/p>\n","protected":false},"excerpt":{"rendered":"<p>Ultimate en su versi\u00f3n 2.0, es un robot plenamente escalable, el cual tiene como objetivo potenciarse en la educaci\u00f3n STEAM por su gran caracter\u00edstica vers\u00e1til y de adaptaci\u00f3n en el proceso de aprendizaje. Se lo ha creado con el MegaPi, bajo la compatibilidad con el Arduino y el Raspberry Pi, especialmente enfocado a estudiantes (reci\u00e9n iniciados o incluso avanzados), apasionados por el mundo de la rob\u00f3tica.<\/p>\n<p style=\"display:none;\">\n<strong style=\"color:orange;padding-top:30px;display:none;\"> &#8211; Precio p\u00fablico:<\/strong> USD 581<br \/>\n<strong style=\"color: orange;display:none;\"> &#8211; Precio educativo:<\/strong> USD 511<\/p>\n","protected":false},"featured_media":363,"template":"","meta":[],"yoast_head":"<!-- This site is optimized with the Yoast SEO plugin v14.4.1 - https:\/\/yoast.com\/wordpress\/plugins\/seo\/ -->\n<title>Ultimate 2.0 Robot | Makeblock Paraguay<\/title>\n<meta name=\"description\" content=\"Ultimate en su versi\u00f3n 2.0, es un robot plenamente escalable, el cual tiene como objetivo potenciarse en la educaci\u00f3n STEAM por su caracter\u00edstica vers\u00e1til\" \/>\n<meta name=\"robots\" content=\"index, follow\" \/>\n<meta name=\"googlebot\" content=\"index, follow, max-snippet:-1, max-image-preview:large, max-video-preview:-1\" \/>\n<meta name=\"bingbot\" content=\"index, follow, max-snippet:-1, max-image-preview:large, max-video-preview:-1\" \/>\n<link rel=\"canonical\" href=\"https:\/\/www.steameducativo.com\/makeblock\/producto\/ultimate-2-0-robot\/\" \/>\n<meta property=\"og:locale\" content=\"es_ES\" \/>\n<meta property=\"og:type\" content=\"article\" \/>\n<meta property=\"og:title\" content=\"Ultimate 2.0 Robot | Makeblock Paraguay\" \/>\n<meta property=\"og:description\" content=\"Ultimate en su versi\u00f3n 2.0, es un robot plenamente escalable, el cual tiene como objetivo potenciarse en la educaci\u00f3n STEAM por su caracter\u00edstica vers\u00e1til\" \/>\n<meta property=\"og:url\" content=\"https:\/\/www.steameducativo.com\/makeblock\/producto\/ultimate-2-0-robot\/\" \/>\n<meta property=\"og:site_name\" content=\"Makeblock Paraguay\" \/>\n<meta property=\"article:modified_time\" content=\"2020-11-17T18:21:14+00:00\" \/>\n<meta property=\"og:image\" content=\"https:\/\/www.steameducativo.com\/makeblock\/wp-content\/uploads\/2015\/11\/Ultimate-2.0-Robot-galeria-2.jpg\" \/>\n\t<meta property=\"og:image:width\" content=\"1000\" \/>\n\t<meta property=\"og:image:height\" content=\"1000\" \/>\n<meta name=\"twitter:card\" content=\"summary\" \/>\n<script type=\"application\/ld+json\" class=\"yoast-schema-graph\">{\"@context\":\"https:\/\/schema.org\",\"@graph\":[{\"@type\":\"WebSite\",\"@id\":\"https:\/\/www.steameducativo.com\/makeblock\/#website\",\"url\":\"https:\/\/www.steameducativo.com\/makeblock\/\",\"name\":\"Makeblock Paraguay\",\"description\":\"Cursos de rob\\u00f3tica, v\\u00eddeojuegos, dise\\u00f1o gr\\u00e1fico para ni\\u00f1os y adolescentes.\",\"potentialAction\":[{\"@type\":\"SearchAction\",\"target\":\"https:\/\/www.steameducativo.com\/makeblock\/?s={search_term_string}\",\"query-input\":\"required name=search_term_string\"}],\"inLanguage\":\"es\"},{\"@type\":\"ImageObject\",\"@id\":\"https:\/\/www.steameducativo.com\/makeblock\/producto\/ultimate-2-0-robot\/#primaryimage\",\"inLanguage\":\"es\",\"url\":\"https:\/\/www.steameducativo.com\/makeblock\/wp-content\/uploads\/2015\/11\/Ultimate-2.0-Robot-galeria-2.jpg\",\"width\":1000,\"height\":1000},{\"@type\":\"WebPage\",\"@id\":\"https:\/\/www.steameducativo.com\/makeblock\/producto\/ultimate-2-0-robot\/#webpage\",\"url\":\"https:\/\/www.steameducativo.com\/makeblock\/producto\/ultimate-2-0-robot\/\",\"name\":\"Ultimate 2.0 Robot | Makeblock Paraguay\",\"isPartOf\":{\"@id\":\"https:\/\/www.steameducativo.com\/makeblock\/#website\"},\"primaryImageOfPage\":{\"@id\":\"https:\/\/www.steameducativo.com\/makeblock\/producto\/ultimate-2-0-robot\/#primaryimage\"},\"datePublished\":\"2015-11-11T13:31:50+00:00\",\"dateModified\":\"2020-11-17T18:21:14+00:00\",\"description\":\"Ultimate en su versi\\u00f3n 2.0, es un robot plenamente escalable, el cual tiene como objetivo potenciarse en la educaci\\u00f3n STEAM por su caracter\\u00edstica vers\\u00e1til\",\"inLanguage\":\"es\",\"potentialAction\":[{\"@type\":\"ReadAction\",\"target\":[\"https:\/\/www.steameducativo.com\/makeblock\/producto\/ultimate-2-0-robot\/\"]}]}]}<\/script>\n<!-- \/ Yoast SEO plugin. -->","_links":{"self":[{"href":"https:\/\/www.steameducativo.com\/makeblock\/wp-json\/wp\/v2\/product\/169"}],"collection":[{"href":"https:\/\/www.steameducativo.com\/makeblock\/wp-json\/wp\/v2\/product"}],"about":[{"href":"https:\/\/www.steameducativo.com\/makeblock\/wp-json\/wp\/v2\/types\/product"}],"wp:featuredmedia":[{"embeddable":true,"href":"https:\/\/www.steameducativo.com\/makeblock\/wp-json\/wp\/v2\/media\/363"}],"wp:attachment":[{"href":"https:\/\/www.steameducativo.com\/makeblock\/wp-json\/wp\/v2\/media?parent=169"}],"curies":[{"name":"wp","href":"https:\/\/api.w.org\/{rel}","templated":true}]}}