{"id":418,"date":"2017-08-30T13:59:12","date_gmt":"2017-08-30T13:59:12","guid":{"rendered":"http:\/\/steameducativo.com\/make-block\/?post_type=product&#038;p=418"},"modified":"2020-02-28T02:01:24","modified_gmt":"2020-02-28T02:01:24","slug":"pack-adicional-para-mbot-servo-pack","status":"publish","type":"product","link":"https:\/\/www.steameducativo.com\/makeblock\/producto\/pack-adicional-para-mbot-servo-pack\/","title":{"rendered":"Pack adicional para mBot &#8211; Servo Pack"},"content":{"rendered":"<p>Al momento de contar con un mBot las posibilidades creativas y de aprendizajes se multiplican para los alumnos por medio de los packs de extensiones, con los que se podr\u00e1n dar otras formas divertidas utilizando una gran variedad adicional de componentes.<\/p>\n<div style=\"max-width: 80%; margin: 30px auto; display: block; overflow: hidden;\"><img loading=\"lazy\" class=\"size-medium wp-image-842\" src=\"https:\/\/www.steameducativo.com\/makeblock\/wp-content\/uploads\/2017\/08\/Dancing-Cat-Pack-adicional-para-mBot.gif\" alt=\"\" width=\"300\" height=\"200\" \/> <img loading=\"lazy\" class=\"size-medium wp-image-843 \" src=\"https:\/\/www.steameducativo.com\/makeblock\/wp-content\/uploads\/2017\/08\/Head-Shaking-Cat-Pack-adicional-para-mBot.gif\" alt=\"\" width=\"300\" height=\"200\" \/><img loading=\"lazy\" class=\"size-medium wp-image-844\" src=\"https:\/\/www.steameducativo.com\/makeblock\/wp-content\/uploads\/2017\/08\/Light-Emitting-Cat-Pack-adicional-para-mBot.gif\" alt=\"\" width=\"300\" height=\"200\" \/><\/div>\n","protected":false},"excerpt":{"rendered":"<p>Permite crear tres figuras. 1) Gato que mueve la cabeza (head-shaking cat): Permite detectar y esquivar los obst\u00e1culos a trav\u00e9s del sensor ultras\u00f3nico en un \u00e1ngulo de 180 grados. 2) El gato bailar\u00edn (dancing cat): Hace que el mBot pueda \u201cbailar\u201d moviendo sus brazos a trav\u00e9s de esta entretenida representaci\u00f3n. 3) Gato emisor de luz (light-emitting cat): Se dota al mBot con una luz m\u00f3vil que le permitir\u00e1 desplazarse sin inconvenientes por la obscuridad.<\/p>\n<p class=\"ocultar_precio\">\n<strong style=\"color: orange; padding-top: 30px; display:none;\"> &#8211; Precio p\u00fablico:<\/strong> USD 45<br \/>\n<strong style=\"color: orange;display:none;\"> &#8211; Precio educativo:<\/strong> USD 39<\/p>\n","protected":false},"featured_media":419,"template":"","meta":[],"yoast_head":"<!-- This site is optimized with the Yoast SEO plugin v14.4.1 - https:\/\/yoast.com\/wordpress\/plugins\/seo\/ -->\n<title>Pack adicional para mBot - Servo Pack | Makeblock Paraguay<\/title>\n<meta name=\"description\" content=\"MBot servo pack es un paquete 3-en-1 basado en mBot. Puedes construir &quot;Dancing Cat&quot;, &quot;Head-Shaking Cat&quot; y &quot;Light-Emitting Cat&quot; con mBot.\" \/>\n<meta name=\"robots\" content=\"index, follow\" \/>\n<meta name=\"googlebot\" content=\"index, follow, max-snippet:-1, max-image-preview:large, max-video-preview:-1\" \/>\n<meta name=\"bingbot\" content=\"index, follow, max-snippet:-1, max-image-preview:large, max-video-preview:-1\" \/>\n<link rel=\"canonical\" href=\"https:\/\/www.steameducativo.com\/makeblock\/producto\/pack-adicional-para-mbot-servo-pack\/\" \/>\n<meta property=\"og:locale\" content=\"es_ES\" \/>\n<meta property=\"og:type\" content=\"article\" \/>\n<meta property=\"og:title\" content=\"Pack adicional para mBot - Servo Pack | Makeblock Paraguay\" \/>\n<meta property=\"og:description\" content=\"MBot servo pack es un paquete 3-en-1 basado en mBot. Puedes construir &quot;Dancing Cat&quot;, &quot;Head-Shaking Cat&quot; y &quot;Light-Emitting Cat&quot; con mBot.\" \/>\n<meta property=\"og:url\" content=\"https:\/\/www.steameducativo.com\/makeblock\/producto\/pack-adicional-para-mbot-servo-pack\/\" \/>\n<meta property=\"og:site_name\" content=\"Makeblock Paraguay\" \/>\n<meta property=\"article:modified_time\" content=\"2020-02-28T02:01:24+00:00\" \/>\n<meta property=\"og:image\" content=\"https:\/\/www.steameducativo.com\/makeblock\/wp-content\/uploads\/2017\/08\/Pack-adicional-mBot-Servo-Pack-img-principal.jpg\" \/>\n\t<meta property=\"og:image:width\" content=\"500\" \/>\n\t<meta property=\"og:image:height\" content=\"500\" \/>\n<meta name=\"twitter:card\" content=\"summary\" \/>\n<script type=\"application\/ld+json\" class=\"yoast-schema-graph\">{\"@context\":\"https:\/\/schema.org\",\"@graph\":[{\"@type\":\"WebSite\",\"@id\":\"https:\/\/www.steameducativo.com\/makeblock\/#website\",\"url\":\"https:\/\/www.steameducativo.com\/makeblock\/\",\"name\":\"Makeblock Paraguay\",\"description\":\"Cursos de rob\\u00f3tica, v\\u00eddeojuegos, dise\\u00f1o gr\\u00e1fico para ni\\u00f1os y adolescentes.\",\"potentialAction\":[{\"@type\":\"SearchAction\",\"target\":\"https:\/\/www.steameducativo.com\/makeblock\/?s={search_term_string}\",\"query-input\":\"required name=search_term_string\"}],\"inLanguage\":\"es\"},{\"@type\":\"ImageObject\",\"@id\":\"https:\/\/www.steameducativo.com\/makeblock\/producto\/pack-adicional-para-mbot-servo-pack\/#primaryimage\",\"inLanguage\":\"es\",\"url\":\"https:\/\/www.steameducativo.com\/makeblock\/wp-content\/uploads\/2017\/08\/Pack-adicional-mBot-Servo-Pack-img-principal.jpg\",\"width\":500,\"height\":500},{\"@type\":\"WebPage\",\"@id\":\"https:\/\/www.steameducativo.com\/makeblock\/producto\/pack-adicional-para-mbot-servo-pack\/#webpage\",\"url\":\"https:\/\/www.steameducativo.com\/makeblock\/producto\/pack-adicional-para-mbot-servo-pack\/\",\"name\":\"Pack adicional para mBot - Servo Pack | Makeblock Paraguay\",\"isPartOf\":{\"@id\":\"https:\/\/www.steameducativo.com\/makeblock\/#website\"},\"primaryImageOfPage\":{\"@id\":\"https:\/\/www.steameducativo.com\/makeblock\/producto\/pack-adicional-para-mbot-servo-pack\/#primaryimage\"},\"datePublished\":\"2017-08-30T13:59:12+00:00\",\"dateModified\":\"2020-02-28T02:01:24+00:00\",\"description\":\"MBot servo pack es un paquete 3-en-1 basado en mBot. Puedes construir \\\"Dancing Cat\\\", \\\"Head-Shaking Cat\\\" y \\\"Light-Emitting Cat\\\" con mBot.\",\"inLanguage\":\"es\",\"potentialAction\":[{\"@type\":\"ReadAction\",\"target\":[\"https:\/\/www.steameducativo.com\/makeblock\/producto\/pack-adicional-para-mbot-servo-pack\/\"]}]}]}<\/script>\n<!-- \/ Yoast SEO plugin. -->","_links":{"self":[{"href":"https:\/\/www.steameducativo.com\/makeblock\/wp-json\/wp\/v2\/product\/418"}],"collection":[{"href":"https:\/\/www.steameducativo.com\/makeblock\/wp-json\/wp\/v2\/product"}],"about":[{"href":"https:\/\/www.steameducativo.com\/makeblock\/wp-json\/wp\/v2\/types\/product"}],"wp:featuredmedia":[{"embeddable":true,"href":"https:\/\/www.steameducativo.com\/makeblock\/wp-json\/wp\/v2\/media\/419"}],"wp:attachment":[{"href":"https:\/\/www.steameducativo.com\/makeblock\/wp-json\/wp\/v2\/media?parent=418"}],"curies":[{"name":"wp","href":"https:\/\/api.w.org\/{rel}","templated":true}]}}