{"id":439,"date":"2017-08-30T15:02:51","date_gmt":"2017-08-30T15:02:51","guid":{"rendered":"http:\/\/steameducativo.com\/make-block\/?post_type=product&#038;p=439"},"modified":"2020-11-17T18:02:02","modified_gmt":"2020-11-17T18:02:02","slug":"inventor-electronic-kit","status":"publish","type":"product","link":"https:\/\/www.steameducativo.com\/makeblock\/producto\/inventor-electronic-kit\/","title":{"rendered":"Inventor Electronic Kit"},"content":{"rendered":"<p>Adem\u00e1s de poder programar con Arduino, este kit es compatible con lenguajes de programaci\u00f3n gr\u00e1fica como Scratch y Ardublock, que son excelentes para ense\u00f1ar a los ni\u00f1os c\u00f3mo programar e interactuar con un hardware y desarrollar capacidades de dom\u00f3tica y automatizaci\u00f3n de procesos.<\/p>\n<p>Para un control adicional sin codificaci\u00f3n adicional se puede conectar el m\u00f3dulo Bluetooth (modo dual 2.0 y 4.0) y descargar gratuitamente la aplicaci\u00f3n Makeblock. Luego se puede utilizar con el smartphone o tablet para controlar el kit rob\u00f3tico.<\/p>\n","protected":false},"excerpt":{"rendered":"<p>El kit electr\u00f3nico Makeblock Inventor es una plataforma electr\u00f3nica modular para la creaci\u00f3n r\u00e1pida de proyectos desafiantes de dom\u00f3tica. Este kit contiene 12 sensores y actuadores, cada uno con un conector codificado por colores para simplificar el cableado. Cada m\u00f3dulo viene con la biblioteca Arduino para una programaci\u00f3n r\u00e1pida.<\/p>\n<p class=\"ocultar_precio\">\n<strong style=\"color:orange;padding-top:30px;display:none;\"> &#8211; Precio p\u00fablico:<\/strong> USD 201<br \/>\n<strong style=\"color: orange;display:none;\"> &#8211; Precio educativo:<\/strong> USD 177<\/p>\n","protected":false},"featured_media":440,"template":"","meta":[],"yoast_head":"<!-- This site is optimized with the Yoast SEO plugin v14.4.1 - https:\/\/yoast.com\/wordpress\/plugins\/seo\/ -->\n<title>Inventor Electronic Kit | Makeblock Paraguay<\/title>\n<meta name=\"description\" content=\"El kit electr\u00f3nico Makeblock Inventor es una plataforma electr\u00f3nica modular para la creaci\u00f3n r\u00e1pida de proyectos desafiantes de dom\u00f3tica.\" \/>\n<meta name=\"robots\" content=\"index, follow\" \/>\n<meta name=\"googlebot\" content=\"index, follow, max-snippet:-1, max-image-preview:large, max-video-preview:-1\" \/>\n<meta name=\"bingbot\" content=\"index, follow, max-snippet:-1, max-image-preview:large, max-video-preview:-1\" \/>\n<link rel=\"canonical\" href=\"https:\/\/www.steameducativo.com\/makeblock\/producto\/inventor-electronic-kit\/\" \/>\n<meta property=\"og:locale\" content=\"es_ES\" \/>\n<meta property=\"og:type\" content=\"article\" \/>\n<meta property=\"og:title\" content=\"Inventor Electronic Kit | Makeblock Paraguay\" \/>\n<meta property=\"og:description\" content=\"El kit electr\u00f3nico Makeblock Inventor es una plataforma electr\u00f3nica modular para la creaci\u00f3n r\u00e1pida de proyectos desafiantes de dom\u00f3tica.\" \/>\n<meta property=\"og:url\" content=\"https:\/\/www.steameducativo.com\/makeblock\/producto\/inventor-electronic-kit\/\" \/>\n<meta property=\"og:site_name\" content=\"Makeblock Paraguay\" \/>\n<meta property=\"article:modified_time\" content=\"2020-11-17T18:02:02+00:00\" \/>\n<meta property=\"og:image\" content=\"https:\/\/www.steameducativo.com\/makeblock\/wp-content\/uploads\/2017\/08\/Inventor-Electronic-Kit-img-destacada.jpg\" \/>\n\t<meta property=\"og:image:width\" content=\"800\" \/>\n\t<meta property=\"og:image:height\" content=\"800\" \/>\n<meta name=\"twitter:card\" content=\"summary\" \/>\n<meta name=\"twitter:title\" content=\"Inventor Electronic Kit | Makeblock Paraguay\" \/>\n<meta name=\"twitter:description\" content=\"El kit electr\u00f3nico Makeblock Inventor es una plataforma electr\u00f3nica modular para la creaci\u00f3n r\u00e1pida de proyectos desafiantes de dom\u00f3tica.\" \/>\n<script type=\"application\/ld+json\" class=\"yoast-schema-graph\">{\"@context\":\"https:\/\/schema.org\",\"@graph\":[{\"@type\":\"WebSite\",\"@id\":\"https:\/\/www.steameducativo.com\/makeblock\/#website\",\"url\":\"https:\/\/www.steameducativo.com\/makeblock\/\",\"name\":\"Makeblock Paraguay\",\"description\":\"Cursos de rob\\u00f3tica, v\\u00eddeojuegos, dise\\u00f1o gr\\u00e1fico para ni\\u00f1os y adolescentes.\",\"potentialAction\":[{\"@type\":\"SearchAction\",\"target\":\"https:\/\/www.steameducativo.com\/makeblock\/?s={search_term_string}\",\"query-input\":\"required name=search_term_string\"}],\"inLanguage\":\"es\"},{\"@type\":\"ImageObject\",\"@id\":\"https:\/\/www.steameducativo.com\/makeblock\/producto\/inventor-electronic-kit\/#primaryimage\",\"inLanguage\":\"es\",\"url\":\"https:\/\/www.steameducativo.com\/makeblock\/wp-content\/uploads\/2017\/08\/Inventor-Electronic-Kit-img-destacada.jpg\",\"width\":800,\"height\":800},{\"@type\":\"WebPage\",\"@id\":\"https:\/\/www.steameducativo.com\/makeblock\/producto\/inventor-electronic-kit\/#webpage\",\"url\":\"https:\/\/www.steameducativo.com\/makeblock\/producto\/inventor-electronic-kit\/\",\"name\":\"Inventor Electronic Kit | Makeblock Paraguay\",\"isPartOf\":{\"@id\":\"https:\/\/www.steameducativo.com\/makeblock\/#website\"},\"primaryImageOfPage\":{\"@id\":\"https:\/\/www.steameducativo.com\/makeblock\/producto\/inventor-electronic-kit\/#primaryimage\"},\"datePublished\":\"2017-08-30T15:02:51+00:00\",\"dateModified\":\"2020-11-17T18:02:02+00:00\",\"description\":\"El kit electr\\u00f3nico Makeblock Inventor es una plataforma electr\\u00f3nica modular para la creaci\\u00f3n r\\u00e1pida de proyectos desafiantes de dom\\u00f3tica.\",\"inLanguage\":\"es\",\"potentialAction\":[{\"@type\":\"ReadAction\",\"target\":[\"https:\/\/www.steameducativo.com\/makeblock\/producto\/inventor-electronic-kit\/\"]}]}]}<\/script>\n<!-- \/ Yoast SEO plugin. -->","_links":{"self":[{"href":"https:\/\/www.steameducativo.com\/makeblock\/wp-json\/wp\/v2\/product\/439"}],"collection":[{"href":"https:\/\/www.steameducativo.com\/makeblock\/wp-json\/wp\/v2\/product"}],"about":[{"href":"https:\/\/www.steameducativo.com\/makeblock\/wp-json\/wp\/v2\/types\/product"}],"wp:featuredmedia":[{"embeddable":true,"href":"https:\/\/www.steameducativo.com\/makeblock\/wp-json\/wp\/v2\/media\/440"}],"wp:attachment":[{"href":"https:\/\/www.steameducativo.com\/makeblock\/wp-json\/wp\/v2\/media?parent=439"}],"curies":[{"name":"wp","href":"https:\/\/api.w.org\/{rel}","templated":true}]}}