{"id":797,"date":"2018-01-04T20:13:12","date_gmt":"2018-01-04T20:13:12","guid":{"rendered":"http:\/\/steameducativo.com\/makeblock\/?post_type=product&#038;p=797"},"modified":"2020-11-17T17:57:27","modified_gmt":"2020-11-17T17:57:27","slug":"pack-adicional-para-mbot-me-led-matrix-8-x-16","status":"publish","type":"product","link":"https:\/\/www.steameducativo.com\/makeblock\/producto\/pack-adicional-para-mbot-me-led-matrix-8-x-16\/","title":{"rendered":"Pack adicional para mBot &#8211; Me LED Matrix 8 \u00d7 16"},"content":{"rendered":"<p>Al momento de contar con un mBot las posibilidades creativas y de aprendizajes se multiplican para los alumnos por medio de los packs de extensiones, con los que se podr\u00e1n dar otras formas divertidas utilizando una gran variedad adicional de componentes.<\/p>\n<p><img loading=\"lazy\" class=\" wp-image-850 aligncenter\" src=\"https:\/\/www.steameducativo.com\/makeblock\/wp-content\/uploads\/2018\/02\/mbot-led-face-descripcion.gif\" alt=\"\" width=\"529\" height=\"388\" \/><\/p>\n","protected":false},"excerpt":{"rendered":"<p>Es un kit que posibilita dibujar expresiones, animaciones o cualquier figura para darle vida al mBot a trav\u00e9s de las luces leds de color azules en una pantalla de acr\u00edlico que los proyecta. Su dise\u00f1o para agujeros M4 posibilita el que pueda ensamblarse con otros productos de Makeblock mediante el ajuste de los tornillos.<\/p>\n<p class=\"ocultar_precio\">\n<strong style=\"color:orange;padding-top:30px;display:inline-block;\"> &#8211; Precio p\u00fablico:<\/strong> USD 17<br \/>\n<strong style=\"color:orange\"> &#8211; Precio educativo:<\/strong> USD 15<\/p>\n","protected":false},"featured_media":908,"template":"","meta":[],"yoast_head":"<!-- This site is optimized with the Yoast SEO plugin v14.4.1 - https:\/\/yoast.com\/wordpress\/plugins\/seo\/ -->\n<title>Pack adicional para mBot - Me LED Matrix 8 \u00d7 16 | Makeblock Paraguay<\/title>\n<meta name=\"description\" content=\"Es un kit que posibilita dibujar expresiones, animaciones o cualquier figura para darle vida al mBot a trav\u00e9s de las luces leds de color azules.\" \/>\n<meta name=\"robots\" content=\"index, follow\" \/>\n<meta name=\"googlebot\" content=\"index, follow, max-snippet:-1, max-image-preview:large, max-video-preview:-1\" \/>\n<meta name=\"bingbot\" content=\"index, follow, max-snippet:-1, max-image-preview:large, max-video-preview:-1\" \/>\n<link rel=\"canonical\" href=\"https:\/\/www.steameducativo.com\/makeblock\/producto\/pack-adicional-para-mbot-me-led-matrix-8-x-16\/\" \/>\n<meta property=\"og:locale\" content=\"es_ES\" \/>\n<meta property=\"og:type\" content=\"article\" \/>\n<meta property=\"og:title\" content=\"Pack adicional para mBot - Me LED Matrix 8 \u00d7 16 | Makeblock Paraguay\" \/>\n<meta property=\"og:description\" content=\"Es un kit que posibilita dibujar expresiones, animaciones o cualquier figura para darle vida al mBot a trav\u00e9s de las luces leds de color azules.\" \/>\n<meta property=\"og:url\" content=\"https:\/\/www.steameducativo.com\/makeblock\/producto\/pack-adicional-para-mbot-me-led-matrix-8-x-16\/\" \/>\n<meta property=\"og:site_name\" content=\"Makeblock Paraguay\" \/>\n<meta property=\"article:modified_time\" content=\"2020-11-17T17:57:27+00:00\" \/>\n<meta property=\"og:image\" content=\"https:\/\/www.steameducativo.com\/makeblock\/wp-content\/uploads\/2018\/01\/mBot\u2013Me-LED-Matrix-destacada.png\" \/>\n\t<meta property=\"og:image:width\" content=\"800\" \/>\n\t<meta property=\"og:image:height\" content=\"800\" \/>\n<meta name=\"twitter:card\" content=\"summary\" \/>\n<script type=\"application\/ld+json\" class=\"yoast-schema-graph\">{\"@context\":\"https:\/\/schema.org\",\"@graph\":[{\"@type\":\"WebSite\",\"@id\":\"https:\/\/www.steameducativo.com\/makeblock\/#website\",\"url\":\"https:\/\/www.steameducativo.com\/makeblock\/\",\"name\":\"Makeblock Paraguay\",\"description\":\"Cursos de rob\\u00f3tica, v\\u00eddeojuegos, dise\\u00f1o gr\\u00e1fico para ni\\u00f1os y adolescentes.\",\"potentialAction\":[{\"@type\":\"SearchAction\",\"target\":\"https:\/\/www.steameducativo.com\/makeblock\/?s={search_term_string}\",\"query-input\":\"required name=search_term_string\"}],\"inLanguage\":\"es\"},{\"@type\":\"ImageObject\",\"@id\":\"https:\/\/www.steameducativo.com\/makeblock\/producto\/pack-adicional-para-mbot-me-led-matrix-8-x-16\/#primaryimage\",\"inLanguage\":\"es\",\"url\":\"https:\/\/www.steameducativo.com\/makeblock\/wp-content\/uploads\/2018\/01\/mBot\\u2013Me-LED-Matrix-destacada.png\",\"width\":800,\"height\":800},{\"@type\":\"WebPage\",\"@id\":\"https:\/\/www.steameducativo.com\/makeblock\/producto\/pack-adicional-para-mbot-me-led-matrix-8-x-16\/#webpage\",\"url\":\"https:\/\/www.steameducativo.com\/makeblock\/producto\/pack-adicional-para-mbot-me-led-matrix-8-x-16\/\",\"name\":\"Pack adicional para mBot - Me LED Matrix 8 \\u00d7 16 | Makeblock Paraguay\",\"isPartOf\":{\"@id\":\"https:\/\/www.steameducativo.com\/makeblock\/#website\"},\"primaryImageOfPage\":{\"@id\":\"https:\/\/www.steameducativo.com\/makeblock\/producto\/pack-adicional-para-mbot-me-led-matrix-8-x-16\/#primaryimage\"},\"datePublished\":\"2018-01-04T20:13:12+00:00\",\"dateModified\":\"2020-11-17T17:57:27+00:00\",\"description\":\"Es un kit que posibilita dibujar expresiones, animaciones o cualquier figura para darle vida al mBot a trav\\u00e9s de las luces leds de color azules.\",\"inLanguage\":\"es\",\"potentialAction\":[{\"@type\":\"ReadAction\",\"target\":[\"https:\/\/www.steameducativo.com\/makeblock\/producto\/pack-adicional-para-mbot-me-led-matrix-8-x-16\/\"]}]}]}<\/script>\n<!-- \/ Yoast SEO plugin. -->","_links":{"self":[{"href":"https:\/\/www.steameducativo.com\/makeblock\/wp-json\/wp\/v2\/product\/797"}],"collection":[{"href":"https:\/\/www.steameducativo.com\/makeblock\/wp-json\/wp\/v2\/product"}],"about":[{"href":"https:\/\/www.steameducativo.com\/makeblock\/wp-json\/wp\/v2\/types\/product"}],"wp:featuredmedia":[{"embeddable":true,"href":"https:\/\/www.steameducativo.com\/makeblock\/wp-json\/wp\/v2\/media\/908"}],"wp:attachment":[{"href":"https:\/\/www.steameducativo.com\/makeblock\/wp-json\/wp\/v2\/media?parent=797"}],"curies":[{"name":"wp","href":"https:\/\/api.w.org\/{rel}","templated":true}]}}